{"id":1271,"date":"2025-10-28T21:04:45","date_gmt":"2025-10-28T12:04:45","guid":{"rendered":"https:\/\/takpa-jp.com\/?page_id=1271"},"modified":"2025-11-06T01:15:56","modified_gmt":"2025-11-05T16:15:56","slug":"%e4%b8%ad%e5%9b%bd%e8%b6%8a%e5%a2%83ec%e3%83%bbsns%e3%83%9e%e3%83%bc%e3%82%b1%e3%83%86%e3%82%a3%e3%83%b3%e3%82%b0%e6%94%af%e6%8f%b4","status":"publish","type":"page","link":"https:\/\/takpa-jp.com\/?page_id=1271","title":{"rendered":"\u4e2d\u56fd\u8d8a\u5883EC\u30fbSNS\u30de\u30fc\u30b1\u30c6\u30a3\u30f3\u30b0\u652f\u63f4"},"content":{"rendered":"\n<div class=\"arkb-section--2 alignfull ark-block-section arkp-scPageMV01\" data-height=\"content\" data-inner=\"full\"><div class=\"ark-block-section__color arkb-absLayer\" style=\"background-color:#eb3a3a;opacity:1.00\"><\/div><div class=\"ark-block-section__body\" data-content=\"center-left\"><div class=\"ark-block-section__bodyInner ark-keep-mt\">\n<div class=\"arkb-container--1 ark-block-container has-inner has-inner\" data-flex=\"vertical\"><div class=\"ark-block-container__inner\">\n<p class=\"arkp-scPageMV01__message has-xlarge-font-size\"><span style=\"text-decoration: underline;\">\u300c\u65e5\u672c\u306e\u826f\u3044\u3082\u306e\u3092\u3001\u4e2d\u56fd\u3078\u3001\u4e16\u754c\u3078\u300d<\/span><br><span style=\"text-decoration: underline;\">\u306f\u3058\u3081\u306e\u4e00\u6b69\u3092\u3001\u3082\u3063\u3068\u8eab\u8fd1\u306b\u3002<\/span><\/p>\n\n\n\n<p class=\"arkp-scPageMV01__message\" style=\"font-size:2.38rem\">\u4e2d\u56fd\u8d8a\u5883EC\u30fbSNS<br>\u30de\u30fc\u30b1\u30c6\u30a3\u30f3\u30b0\u652f\u63f4<\/p>\n\n\n\n<blockquote class=\"wp-block-quote is-layout-flow wp-block-quote-is-layout-flow\">\n<p class=\"has-ark-bg-color has-text-color has-link-color wp-elements-cbccf2d6c9813ecf4f1429301e6312a9\">\u4e2d\u56fd\u3067\u306eEC\u30b5\u30a4\u30c8\u904b\u55b6\u306f\u30cf\u30fc\u30c9\u30eb\u304c\u9ad8\u3044\u3068\u601d\u3063\u3066\u3044\u307e\u305b\u3093\u304b\uff1ftakpa\u306f\u300c\u65e5\u672c\u306e\u826f\u3044\u3082\u306e\u3092\u4e16\u754c\u306b\u5e83\u3081\u308b\u304a\u624b\u4f1d\u3044\u3092\u3057\u305f\u3044\u300d\u3068\u3044\u3046\u601d\u3044\u3067\u3001\u4e8b\u696d\u898f\u6a21\u306b\u304b\u304b\u308f\u3089\u305a\u3001\u591a\u304f\u306e\u4f01\u696d\u69d8\u304c\u30cf\u30fc\u30c9\u30eb\u3092\u611f\u3058\u305a\u306b\u6d77\u5916\u3078\u30c1\u30e3\u30ec\u30f3\u30b8\u3067\u304d\u308b\u3088\u3046\u652f\u63f4\u3057\u3066\u3044\u307e\u3059\u3002<\/p>\n<\/blockquote>\n<\/div><\/div>\n\n\n\n<figure class=\"wp-block-image size-large is-resized\"><img loading=\"lazy\" decoding=\"async\" width=\"1024\" height=\"1024\" src=\"http:\/\/takpa-jp.com\/wp-content\/uploads\/2024\/11\/Business-deal-amico-3-1024x1024.png\" alt=\"\" class=\"wp-image-973\" style=\"aspect-ratio:1;object-fit:contain;width:auto;height:500px\" srcset=\"https:\/\/takpa-jp.com\/wp-content\/uploads\/2024\/11\/Business-deal-amico-3-1024x1024.png 1024w, https:\/\/takpa-jp.com\/wp-content\/uploads\/2024\/11\/Business-deal-amico-3-300x300.png 300w, https:\/\/takpa-jp.com\/wp-content\/uploads\/2024\/11\/Business-deal-amico-3-150x150.png 150w, https:\/\/takpa-jp.com\/wp-content\/uploads\/2024\/11\/Business-deal-amico-3-768x768.png 768w, https:\/\/takpa-jp.com\/wp-content\/uploads\/2024\/11\/Business-deal-amico-3-1536x1536.png 1536w, https:\/\/takpa-jp.com\/wp-content\/uploads\/2024\/11\/Business-deal-amico-3.png 2000w\" sizes=\"auto, (max-width: 1024px) 100vw, 1024px\" \/><\/figure>\n<\/div><\/div><\/div>\n\n\n\n\n\n<div class=\"arkb-section--5 alignfull ark-block-section arkp-gnButton01\" data-height=\"content\" data-inner=\"full\"><div class=\"ark-block-section__color arkb-absLayer\" style=\"background-color:#f7f7f7;opacity:1.00\"><\/div><div class=\"ark-block-section__body\" data-content=\"center-left\"><div class=\"ark-block-section__bodyInner ark-keep-mt\">\n<div class=\"arkb-buttons--4 ark-block-buttons\" data-orientation=\"horizontal\">\n<div class=\"arkb-button--3 ark-block-button is-btn-fill\" data-has-width=\"true\" data-hover=\"float\" style=\"--arkb-btn-color--bg:#008c59;--arkb-btn-radius:0px\"><a href=\"https:\/\/takpa-jp.com\/?page_id=410#inquiry\" class=\"ark-block-button__link\" data-has-icon=\"1\"><svg class=\"ark-block-button__icon -left\" height=\"1em\" width=\"1em\" xmlns=\"http:\/\/www.w3.org\/2000\/svg\" aria-hidden=\"true\" data-icon=\"LsChats\" viewBox=\"0 0 48 48\"><path d=\"M19 2.3C9.1 2.3 1 9.7 1 18.7c0 3.5 1.2 6.7 3.3 9.4l-1.5 6.3c-.2.8.6 1.5 1.4 1.1l6-2.6c2.6 1.3 5.6 2.1 8.8 2.1 9.9 0 18-7.3 18-16.4 0-8.9-8.1-16.3-18-16.3z\"><\/path><path d=\"M43.7 38.1c2.1-2.7 3.3-5.9 3.3-9.4 0-9-8.1-16.4-18-16.4s-18 7.3-18 16.4c0 9 8.1 16.4 18 16.4 3.2 0 6.2-.8 8.8-2.1l6 2.6c.8.3 1.6-.3 1.4-1.1l-1.5-6.4zM15 28.7c0-6.8 6.3-12.4 14-12.4s14 5.5 14 12.4-6.3 12.4-14 12.4-14-5.6-14-12.4z\"><\/path><\/svg><span class=\"ark-block-button__text\">\u307e\u305a\u306f\u7121\u6599\u3067\u76f8\u8ac7\u3059\u308b<\/span><\/a><\/div>\n<\/div>\n<\/div><\/div><\/div>\n\n\n\n\n\n<div class=\"arkb-section--7 ark-block-section arkp-gnSec17\" data-height=\"content\" data-inner=\"full\"><div class=\"ark-block-section__color arkb-absLayer\" style=\"background-color:#f7f7f7;opacity:1.00\"><\/div><div class=\"ark-block-section__body\" data-content=\"center-left\"><div class=\"ark-block-section__bodyInner ark-keep-mt\">\n<div class=\"ark-block-heading\" data-sub=\"bottom\"><h2 class=\"ark-block-heading__main\">\u3053\u3093\u306a\u304a\u60a9\u307f\u306f\u3042\u308a\u307e\u305b\u3093\u304b\uff1f<\/h2><div class=\"ark-block-heading__sub\"><\/div><\/div>\n\n\n\n<div class=\"ark-block-container ark-keep-mt arkp-gnSec17__body\">\n<div class=\"ark-block-container ark-keep-mt arkp-gnSec17__body\">\n<div class=\"arkb-columns--6 ark-block-columns arkp-scMemberList01\"><div class=\"ark-block-columns__inner\">\n<div class=\"ark-block-column ark-keep-mt--s\">\n<figure class=\"wp-block-image size-full is-resized is-style-vk-image-circle\"><img loading=\"lazy\" decoding=\"async\" width=\"386\" height=\"650\" src=\"http:\/\/takpa-jp.com\/wp-content\/uploads\/2024\/10\/13194_color.png\" alt=\"\" class=\"wp-image-503\" style=\"aspect-ratio:1;object-fit:contain;width:180px\" srcset=\"https:\/\/takpa-jp.com\/wp-content\/uploads\/2024\/10\/13194_color.png 386w, https:\/\/takpa-jp.com\/wp-content\/uploads\/2024\/10\/13194_color-178x300.png 178w\" sizes=\"auto, (max-width: 386px) 100vw, 386px\" \/><\/figure>\n\n\n\n<div class=\"ark-block-container ark-keep-mt arkp-scMemberList01__itemBody\">\n<p class=\"arkp-scMemberList01__itemDesc has-black-color has-text-color has-link-color has-normal-font-size wp-elements-2124bbafe7c853d0e60c2171cfd70dbd\"><strong>\u4e2d\u56fd\u3067\u3082\u81ea\u793e\u5546\u54c1\u304c\u58f2\u308c\u308b\u304b\u8a66\u3057\u3066\u307f\u305f\u3044\u3051\u3069\u3001\u65b9\u6cd5\u304c\u5206\u304b\u3089\u306a\u3044<\/strong><\/p>\n<\/div>\n<\/div>\n\n\n\n<div class=\"ark-block-column ark-keep-mt--s\">\n<figure class=\"wp-block-image size-full is-resized\"><img loading=\"lazy\" decoding=\"async\" width=\"391\" height=\"710\" src=\"http:\/\/takpa-jp.com\/wp-content\/uploads\/2024\/10\/18728.png\" alt=\"\" class=\"wp-image-517\" style=\"aspect-ratio:1;object-fit:contain;width:180px\" srcset=\"https:\/\/takpa-jp.com\/wp-content\/uploads\/2024\/10\/18728.png 391w, https:\/\/takpa-jp.com\/wp-content\/uploads\/2024\/10\/18728-165x300.png 165w\" sizes=\"auto, (max-width: 391px) 100vw, 391px\" \/><\/figure>\n\n\n\n<div class=\"ark-block-container ark-keep-mt arkp-scMemberList01__itemBody\">\n<p class=\"arkp-scMemberList01__itemDesc has-black-color has-text-color has-link-color has-normal-font-size wp-elements-0ddbd8223950bdb084e3689d96682e5a\"><strong>\u4e2d\u56fd\u8a9e\u3092\u8a71\u305b\u308b\u4eba\u6750\u3084\u3001\u73fe\u5730\u30ce\u30a6\u30cf\u30a6\u304c\u793e\u5185\u306b\u306a\u3044<\/strong><\/p>\n<\/div>\n<\/div>\n\n\n\n<div class=\"ark-block-column ark-keep-mt--s\">\n<figure class=\"wp-block-image size-full is-resized\"><img loading=\"lazy\" decoding=\"async\" width=\"660\" height=\"624\" src=\"http:\/\/takpa-jp.com\/wp-content\/uploads\/2024\/09\/17038_color.png\" alt=\"\" class=\"wp-image-413\" style=\"aspect-ratio:1;object-fit:contain;width:180px\" srcset=\"https:\/\/takpa-jp.com\/wp-content\/uploads\/2024\/09\/17038_color.png 660w, https:\/\/takpa-jp.com\/wp-content\/uploads\/2024\/09\/17038_color-300x284.png 300w\" sizes=\"auto, (max-width: 660px) 100vw, 660px\" \/><\/figure>\n\n\n\n<div class=\"ark-block-container ark-keep-mt arkp-scMemberList01__itemBody\">\n<p class=\"arkp-scMemberList01__itemDesc has-black-color has-text-color has-link-color has-normal-font-size wp-elements-80f1b38844b4aa20683ecfe0b4b0f598\"><strong>EC\u30e2\u30fc\u30eb\u306e\u51fa\u5e97\u306b\u306f\u8cbb\u7528\u3082\u624b\u9593\u3082\u304b\u304b\u308a\u3059\u304e\u308b<\/strong><\/p>\n<\/div>\n<\/div>\n<\/div><\/div>\n\n\n<\/div>\n<\/div>\n<\/div><\/div><\/div>\n\n\n\n\n\n<div class=\"alignfull ark-block-section arkp-scFeatureList04\" data-height=\"content\"><div class=\"ark-block-section__color arkb-absLayer\" style=\"background-color:var(--ark-color--bg);opacity:1.00\"><\/div><div class=\"ark-block-section__body\" data-content=\"center-left\"><div class=\"ark-block-section__bodyInner ark-keep-mt\">\n<div class=\"ark-block-heading\" data-sub=\"bottom\" id=\"services\"><h2 class=\"ark-block-heading__main\">4\u3064\u306e\u30b5\u30fc\u30d3\u30b9<\/h2><span class=\"ark-block-heading__line\"><\/span><div class=\"ark-block-heading__sub\"><\/div><\/div>\n\n\n\n<div class=\"alignfull ark-block-section arkp-gnRichClmn10__wrappper\" data-height=\"content\"><div class=\"ark-block-section__color arkb-absLayer\" style=\"background-color:#f7f7f7;opacity:1.00\"><\/div><div class=\"ark-block-section__body\" data-content=\"center-left\"><div class=\"ark-block-section__bodyInner ark-keep-mt\">\n<div class=\"arkb-columns--9 ark-block-columns arkp-gnRichClmn10\"><div class=\"ark-block-columns__inner\">\n<div class=\"ark-block-column ark-keep-mt--s\">\n<figure class=\"wp-block-image size-large\"><img loading=\"lazy\" decoding=\"async\" width=\"1024\" height=\"682\" src=\"http:\/\/takpa-jp.com\/wp-content\/uploads\/2024\/11\/handshake-4229703_1920-1024x682.jpg\" alt=\"\" class=\"wp-image-997\" srcset=\"https:\/\/takpa-jp.com\/wp-content\/uploads\/2024\/11\/handshake-4229703_1920-1024x682.jpg 1024w, https:\/\/takpa-jp.com\/wp-content\/uploads\/2024\/11\/handshake-4229703_1920-300x200.jpg 300w, https:\/\/takpa-jp.com\/wp-content\/uploads\/2024\/11\/handshake-4229703_1920-768x511.jpg 768w, https:\/\/takpa-jp.com\/wp-content\/uploads\/2024\/11\/handshake-4229703_1920-1536x1022.jpg 1536w, https:\/\/takpa-jp.com\/wp-content\/uploads\/2024\/11\/handshake-4229703_1920.jpg 1920w\" sizes=\"auto, (max-width: 1024px) 100vw, 1024px\" \/><\/figure>\n<\/div>\n\n\n\n<div class=\"arkb-column--8 ark-block-column ark-keep-mt--s\" data-valign=\"center\">\n<p class=\"arkp-gnRichClmn10__colHeading\">\u8d8a\u5883EC\u30b5\u30dd\u30fc\u30c8<\/p>\n\n\n\n<p>\u30fb\u4e2d\u56fd\u5411\u3051EC\u30e2\u30fc\u30eb\u3001\u8d8a\u5883EC\u30b5\u30a4\u30c8\u306e\u958b\u8a2d\u30fb\u7533\u8acb\u30b5\u30dd\u30fc\u30c8<br>\u30fb\u5546\u54c1\u767b\u9332\u30fb\u7ffb\u8a33\u30fb\u9867\u5ba2\u5bfe\u5fdc\u306a\u3069\u306e\u904b\u55b6\u4ee3\u884c<\/p>\n<\/div>\n<\/div><\/div>\n\n\n\n<div class=\"arkb-columns--11 ark-block-columns arkp-gnRichClmn10 -rev\"><div class=\"ark-block-columns__inner\">\n<div class=\"ark-block-column ark-keep-mt--s\">\n<figure class=\"wp-block-image size-full\"><img loading=\"lazy\" decoding=\"async\" width=\"2560\" height=\"1437\" src=\"https:\/\/takpa-jp.com\/wp-content\/uploads\/2025\/10\/dole777-EQSPI11rf68-unsplash-scaled.jpg\" alt=\"\" class=\"wp-image-1274\" srcset=\"https:\/\/takpa-jp.com\/wp-content\/uploads\/2025\/10\/dole777-EQSPI11rf68-unsplash-scaled.jpg 2560w, https:\/\/takpa-jp.com\/wp-content\/uploads\/2025\/10\/dole777-EQSPI11rf68-unsplash-300x168.jpg 300w, https:\/\/takpa-jp.com\/wp-content\/uploads\/2025\/10\/dole777-EQSPI11rf68-unsplash-1024x575.jpg 1024w, https:\/\/takpa-jp.com\/wp-content\/uploads\/2025\/10\/dole777-EQSPI11rf68-unsplash-768x431.jpg 768w, https:\/\/takpa-jp.com\/wp-content\/uploads\/2025\/10\/dole777-EQSPI11rf68-unsplash-1536x862.jpg 1536w, https:\/\/takpa-jp.com\/wp-content\/uploads\/2025\/10\/dole777-EQSPI11rf68-unsplash-2048x1150.jpg 2048w\" sizes=\"auto, (max-width: 2560px) 100vw, 2560px\" \/><\/figure>\n<\/div>\n\n\n\n<div class=\"arkb-column--10 ark-block-column ark-keep-mt--s\" data-valign=\"center\">\n<p class=\"arkp-gnRichClmn10__colHeading\">SNS\u904b\u7528\u30fb\u30de\u30fc\u30b1\u30c6\u30a3\u30f3\u30b0<\/p>\n\n\n\n<p>\u30fbRedNote\uff08\u5c0f\u7d05\u66f8\uff09\u3084WeChat\u306a\u3069\u306eSNS\u30a2\u30ab\u30a6\u30f3\u30c8\u958b\u8a2d\u30fb\u904b\u7528\u4ee3\u884c<br>\u30fb\u4e2d\u56fd\u30c8\u30ec\u30f3\u30c9\u306b\u5408\u308f\u305b\u305f\u6295\u7a3f\u5185\u5bb9\u306e\u4f01\u753b\u30fb\u7ffb\u8a33\u30fb\u5236\u4f5c<\/p>\n<\/div>\n<\/div><\/div>\n\n\n\n<div class=\"arkb-columns--13 ark-block-columns arkp-gnRichClmn10\"><div class=\"ark-block-columns__inner\">\n<div class=\"ark-block-column ark-keep-mt--s\">\n<figure class=\"wp-block-image size-large\"><img loading=\"lazy\" decoding=\"async\" width=\"1024\" height=\"682\" src=\"https:\/\/takpa-jp.com\/wp-content\/uploads\/2025\/10\/girl-5717067_1280-1024x682.jpg\" alt=\"\" class=\"wp-image-1275\" srcset=\"https:\/\/takpa-jp.com\/wp-content\/uploads\/2025\/10\/girl-5717067_1280-1024x682.jpg 1024w, https:\/\/takpa-jp.com\/wp-content\/uploads\/2025\/10\/girl-5717067_1280-300x200.jpg 300w, https:\/\/takpa-jp.com\/wp-content\/uploads\/2025\/10\/girl-5717067_1280-768x512.jpg 768w, https:\/\/takpa-jp.com\/wp-content\/uploads\/2025\/10\/girl-5717067_1280.jpg 1280w\" sizes=\"auto, (max-width: 1024px) 100vw, 1024px\" \/><\/figure>\n<\/div>\n\n\n\n<div class=\"arkb-column--12 ark-block-column ark-keep-mt--s\" data-valign=\"center\">\n<p class=\"arkp-gnRichClmn10__colHeading\">\u30a4\u30f3\u30d5\u30eb\u30a8\u30f3\u30b5\u30fc\u30d7\u30ed\u30e2\u30fc\u30b7\u30e7\u30f3<\/p>\n\n\n\n<p>\u30fb\u4fe1\u983c\u6027\u306e\u9ad8\u3044\u4e2d\u56fd\u4eba\u30a4\u30f3\u30d5\u30eb\u30a8\u30f3\u30b5\u30fc\uff08KOC\u30fbKOL\uff09\u3068\u306e\u76f4\u63a5\u63d0\u643a<br>\u30fb\u30a4\u30f3\u30d5\u30eb\u30a8\u30f3\u30b5\u30fc\u306b\u3088\u308b\u4f53\u9a13\u578b\u30b3\u30f3\u30c6\u30f3\u30c4\u306e\u4f5c\u6210<\/p>\n<\/div>\n<\/div><\/div>\n\n\n\n<div class=\"arkb-columns--15 ark-block-columns arkp-gnRichClmn10 -rev\"><div class=\"ark-block-columns__inner\">\n<div class=\"ark-block-column ark-keep-mt--s\">\n<figure class=\"wp-block-image size-large\"><img loading=\"lazy\" decoding=\"async\" width=\"1024\" height=\"682\" src=\"https:\/\/takpa-jp.com\/wp-content\/uploads\/2025\/10\/ecommerce-2607114_1280-1024x682.jpg\" alt=\"\" class=\"wp-image-1273\" srcset=\"https:\/\/takpa-jp.com\/wp-content\/uploads\/2025\/10\/ecommerce-2607114_1280-1024x682.jpg 1024w, https:\/\/takpa-jp.com\/wp-content\/uploads\/2025\/10\/ecommerce-2607114_1280-300x200.jpg 300w, https:\/\/takpa-jp.com\/wp-content\/uploads\/2025\/10\/ecommerce-2607114_1280-768x512.jpg 768w, https:\/\/takpa-jp.com\/wp-content\/uploads\/2025\/10\/ecommerce-2607114_1280.jpg 1280w\" sizes=\"auto, (max-width: 1024px) 100vw, 1024px\" \/><\/figure>\n<\/div>\n\n\n\n<div class=\"arkb-column--14 ark-block-column ark-keep-mt--s\" data-valign=\"center\">\n<p class=\"arkp-gnRichClmn10__colHeading\">\u30c6\u30b9\u30c8\u30de\u30fc\u30b1\u30c6\u30a3\u30f3\u30b0\u306e\u3054\u63d0\u6848<\/p>\n\n\n\n<p>\u30fb\u5f0a\u793e\u306e\u904b\u55b6\u3059\u308bEC\u30fbSNS\u30c1\u30e3\u30cd\u30eb\u3092\u6d3b\u7528\u3057\u3001\u4f4e\u30b3\u30b9\u30c8\u3067\u51fa\u54c1\u30fb\u8ca9\u58f2<br>\u30fb\u6700\u5c0f\u9650\u306e\u30ea\u30b9\u30af\u3067\u3001\u4e2d\u56fd\u5e02\u5834\u3067\u306e\u5546\u54c1\u53d7\u5bb9\u6027\u3092\u691c\u8a3c<br>\u30fb\u7d50\u679c\u3092\u8e0f\u307e\u3048\u305f\u672c\u683c\u5c55\u958b\u306e\u3054\u63d0\u6848\u3082\u53ef\u80fd\u3067\u3059<\/p>\n<\/div>\n<\/div><\/div>\n<\/div><\/div><\/div>\n\n\n<\/div><\/div><\/div>\n\n\n\n<div class=\"ark-block-heading\" data-sub=\"top\" id=\"inquiry\"><div class=\"ark-block-heading__sub\"><\/div><h2 class=\"ark-block-heading__main\">\u304a\u554f\u3044\u5408\u308f\u305b<\/h2><span class=\"ark-block-heading__line\"><\/span><\/div>\n\n\n\n<div class=\"wp-block-contact-form-7-contact-form-selector\">\n<div class=\"wpcf7 no-js\" id=\"wpcf7-f1007-o1\" lang=\"ja\" dir=\"ltr\" data-wpcf7-id=\"1007\">\n<div class=\"screen-reader-response\"><p role=\"status\" aria-live=\"polite\" aria-atomic=\"true\"><\/p> <ul><\/ul><\/div>\n<form action=\"\/index.php?rest_route=%2Fwp%2Fv2%2Fpages%2F1271#wpcf7-f1007-o1\" method=\"post\" class=\"wpcf7-form init\" aria-label=\"\u30b3\u30f3\u30bf\u30af\u30c8\u30d5\u30a9\u30fc\u30e0\" novalidate=\"novalidate\" data-status=\"init\">\n<fieldset class=\"hidden-fields-container\"><input type=\"hidden\" name=\"_wpcf7\" value=\"1007\" \/><input type=\"hidden\" name=\"_wpcf7_version\" value=\"6.1.5\" \/><input type=\"hidden\" name=\"_wpcf7_locale\" value=\"ja\" \/><input type=\"hidden\" name=\"_wpcf7_unit_tag\" value=\"wpcf7-f1007-o1\" \/><input type=\"hidden\" name=\"_wpcf7_container_post\" value=\"0\" \/><input type=\"hidden\" name=\"_wpcf7_posted_data_hash\" value=\"\" \/><input type=\"hidden\" name=\"_wpcf7_recaptcha_response\" value=\"\" \/>\n<\/fieldset>\n<table class=\"CF7_table\">\n\t<tr>\n\t\t<th>\n\t\t\t<p><span class=\"CF7_req\">\u5fc5\u9808<\/span> \u3054\u76f8\u8ac7\u5185\u5bb9\n\t\t\t<\/p>\n\t\t<\/th>\n\t\t<td>\n\t\t\t<p><span class=\"wpcf7-form-control-wrap\" data-name=\"checkbox-inq\"><span class=\"wpcf7-form-control wpcf7-checkbox wpcf7-validates-as-required\"><span class=\"wpcf7-list-item first\"><input type=\"checkbox\" name=\"checkbox-inq[]\" value=\"\u3054\u76f8\u8ac7\" \/><span class=\"wpcf7-list-item-label\">\u3054\u76f8\u8ac7<\/span><\/span><span class=\"wpcf7-list-item\"><input type=\"checkbox\" name=\"checkbox-inq[]\" value=\"\u304a\u898b\u7a4d\u3082\u308a\" \/><span class=\"wpcf7-list-item-label\">\u304a\u898b\u7a4d\u3082\u308a<\/span><\/span><span class=\"wpcf7-list-item\"><input type=\"checkbox\" name=\"checkbox-inq[]\" value=\"\u30b5\u30fc\u30d3\u30b9\u5c0e\u5165\u691c\u8a0e\" \/><span class=\"wpcf7-list-item-label\">\u30b5\u30fc\u30d3\u30b9\u5c0e\u5165\u691c\u8a0e<\/span><\/span><span class=\"wpcf7-list-item\"><input type=\"checkbox\" name=\"checkbox-inq[]\" value=\"\u304a\u554f\u3044\u5408\u308f\u305b\" \/><span class=\"wpcf7-list-item-label\">\u304a\u554f\u3044\u5408\u308f\u305b<\/span><\/span><span class=\"wpcf7-list-item last\"><input type=\"checkbox\" name=\"checkbox-inq[]\" value=\"\u305d\u306e\u4ed6\" \/><span class=\"wpcf7-list-item-label\">\u305d\u306e\u4ed6<\/span><\/span><\/span><\/span>\n\t\t\t<\/p>\n\t\t<\/td>\n\t<\/tr>\n\t<tr>\n\t\t<th>\n\t\t\t<p><span class=\"CF7_req\">\u5fc5\u9808<\/span> \u3054\u8208\u5473\u306e\u3042\u308b\u30b5\u30fc\u30d3\u30b9\n\t\t\t<\/p>\n\t\t<\/th>\n\t\t<td>\n\t\t\t<p><span class=\"wpcf7-form-control-wrap\" data-name=\"checkbox-inq2\"><span class=\"wpcf7-form-control wpcf7-checkbox wpcf7-validates-as-required\"><span class=\"wpcf7-list-item first\"><input type=\"checkbox\" name=\"checkbox-inq2[]\" value=\"\u82f1\u8a9e\u30ab\u30b9\u30bf\u30de\u30fc\u30b5\u30dd\u30fc\u30c8\u4ee3\u884c\" \/><span class=\"wpcf7-list-item-label\">\u82f1\u8a9e\u30ab\u30b9\u30bf\u30de\u30fc\u30b5\u30dd\u30fc\u30c8\u4ee3\u884c<\/span><\/span><span class=\"wpcf7-list-item\"><input type=\"checkbox\" name=\"checkbox-inq2[]\" value=\"\u4e2d\u56fd\u8a9e\u30ab\u30b9\u30bf\u30de\u30fc\u30b5\u30dd\u30fc\u30c8\u4ee3\u884c\" \/><span class=\"wpcf7-list-item-label\">\u4e2d\u56fd\u8a9e\u30ab\u30b9\u30bf\u30de\u30fc\u30b5\u30dd\u30fc\u30c8\u4ee3\u884c<\/span><\/span><span class=\"wpcf7-list-item\"><input type=\"checkbox\" name=\"checkbox-inq2[]\" value=\"\u82f1\u6587\u30e1\u30fc\u30eb\u7ffb\u8a33\u30fb\u30b3\u30ec\u30dd\u30f3\u4ee3\u884c\" \/><span class=\"wpcf7-list-item-label\">\u82f1\u6587\u30e1\u30fc\u30eb\u7ffb\u8a33\u30fb\u30b3\u30ec\u30dd\u30f3\u4ee3\u884c<\/span><\/span><span class=\"wpcf7-list-item last\"><input type=\"checkbox\" name=\"checkbox-inq2[]\" value=\"\u4e2d\u6587\u30e1\u30fc\u30eb\u7ffb\u8a33\u30fb\u30b3\u30ec\u30dd\u30f3\u4ee3\u884c\" \/><span class=\"wpcf7-list-item-label\">\u4e2d\u6587\u30e1\u30fc\u30eb\u7ffb\u8a33\u30fb\u30b3\u30ec\u30dd\u30f3\u4ee3\u884c<\/span><\/span><\/span><\/span>\n\t\t\t<\/p>\n\t\t<\/td>\n\t<\/tr>\n\t<tr>\n\t\t<th>\n\t\t\t<p><span class=\"CF7_req\">\u5fc5\u9808<\/span> \u3054\u6c0f\u540d\n\t\t\t<\/p>\n\t\t<\/th>\n\t\t<td>\n\t\t\t<p><span class=\"wpcf7-form-control-wrap\" data-name=\"your-name\"><input size=\"40\" maxlength=\"400\" class=\"wpcf7-form-control wpcf7-text wpcf7-validates-as-required\" aria-required=\"true\" aria-invalid=\"false\" placeholder=\"\" value=\"\" type=\"text\" name=\"your-name\" \/><\/span>\n\t\t\t<\/p>\n\t\t<\/td>\n\t<\/tr>\n\t<tr>\n\t\t<th>\n\t\t\t<p><span class=\"CF7_unreq\">\u4efb\u610f<\/span>\u4f1a\u793e\u540d\n\t\t\t<\/p>\n\t\t<\/th>\n\t\t<td>\n\t\t\t<p><span class=\"wpcf7-form-control-wrap\" data-name=\"your-company\"><input size=\"40\" maxlength=\"400\" class=\"wpcf7-form-control wpcf7-text\" aria-invalid=\"false\" placeholder=\"\u4f8b\uff1a\u25ef\u25ef\u682a\u5f0f\u4f1a\u793e\" value=\"\" type=\"text\" name=\"your-company\" \/><\/span>\n\t\t\t<\/p>\n\t\t<\/td>\n\t<\/tr>\n\t<tr>\n\t\t<th>\n\t\t\t<p><span class=\"CF7_unreq\">\u4efb\u610f<\/span>\u5f79\u8077\n\t\t\t<\/p>\n\t\t<\/th>\n\t\t<td>\n\t\t\t<p><span class=\"wpcf7-form-control-wrap\" data-name=\"menu\"><select class=\"wpcf7-form-control wpcf7-select\" aria-invalid=\"false\" name=\"menu\"><option value=\"\u5f79\u8077\u3092\u9078\u3076\">\u5f79\u8077\u3092\u9078\u3076<\/option><option value=\"\u7d4c\u55b6\u8005\u30fb\u5f79\u54e1\">\u7d4c\u55b6\u8005\u30fb\u5f79\u54e1<\/option><option value=\"\u90e8\u9577\">\u90e8\u9577<\/option><option value=\"\u8ab2\u9577\u30fb\u30de\u30cd\u30fc\u30b8\u30e3\u30fc\">\u8ab2\u9577\u30fb\u30de\u30cd\u30fc\u30b8\u30e3\u30fc<\/option><option value=\"\u4e3b\u4efb\u30fb\u30c1\u30fc\u30e0\u30ea\u30fc\u30c0\u30fc\">\u4e3b\u4efb\u30fb\u30c1\u30fc\u30e0\u30ea\u30fc\u30c0\u30fc<\/option><option value=\"\u4e00\u822c\u793e\u54e1\">\u4e00\u822c\u793e\u54e1<\/option><option value=\"\u305d\u306e\u4ed6\">\u305d\u306e\u4ed6<\/option><\/select><\/span>\n\t\t\t<\/p>\n\t\t<\/td>\n\t<\/tr>\n\t<tr>\n\t\t<th>\n\t\t\t<p><span class=\"CF7_req\">\u5fc5\u9808<\/span> \u30e1\u30fc\u30eb\u30a2\u30c9\u30ec\u30b9\n\t\t\t<\/p>\n\t\t<\/th>\n\t\t<td>\n\t\t\t<p><span class=\"wpcf7-form-control-wrap\" data-name=\"your-email\"><input size=\"40\" maxlength=\"400\" class=\"wpcf7-form-control wpcf7-email wpcf7-validates-as-required wpcf7-text wpcf7-validates-as-email\" aria-required=\"true\" aria-invalid=\"false\" placeholder=\"\u4f8b\uff1a\u00d7\u00d7\u00d7@\u00d7\u00d7\u00d7.com\" value=\"\" type=\"email\" name=\"your-email\" \/><\/span>\n\t\t\t<\/p>\n\t\t<\/td>\n\t<\/tr>\n\t<tr>\n\t\t<th>\n\t\t\t<p><span class=\"CF7_req\">\u5fc5\u9808<\/span>\u304a\u96fb\u8a71\u756a\u53f7\n\t\t\t<\/p>\n\t\t<\/th>\n\t\t<td>\n\t\t\t<p><span class=\"wpcf7-form-control-wrap\" data-name=\"your-tel\"><input size=\"40\" maxlength=\"400\" class=\"wpcf7-form-control wpcf7-text wpcf7-validates-as-required\" aria-required=\"true\" aria-invalid=\"false\" placeholder=\"\u4f8b\uff1a03-1234-5678\" value=\"\" type=\"text\" name=\"your-tel\" \/><\/span>\n\t\t\t<\/p>\n\t\t<\/td>\n\t<\/tr>\n\t<tr>\n\t\t<th>\n\t\t\t<p><span class=\"CF7_req\">\u5fc5\u9808<\/span>\u90fd\u9053\u5e9c\u770c\n\t\t\t<\/p>\n\t\t<\/th>\n\t\t<td>\n\t\t\t<p><span class=\"wpcf7-form-control-wrap\" data-name=\"pref\"><input size=\"40\" maxlength=\"400\" class=\"wpcf7-form-control wpcf7-text wpcf7-validates-as-required\" id=\"pref\" aria-required=\"true\" aria-invalid=\"false\" placeholder=\"\u4f8b\uff1a\u6771\u4eac\u90fd\" value=\"\" type=\"text\" name=\"pref\" \/><\/span>\n\t\t\t<\/p>\n\t\t<\/td>\n\t<\/tr>\n\t<tr>\n\t\t<th>\n\t\t\t<p><span class=\"CF7_req\">\u5fc5\u9808<\/span>\u30e1\u30c3\u30bb\u30fc\u30b8\u672c\u6587\n\t\t\t<\/p>\n\t\t<\/th>\n\t\t<td class=\"message-100\">\n\t\t\t<p><span class=\"wpcf7-form-control-wrap\" data-name=\"your-message\"><textarea cols=\"40\" rows=\"10\" maxlength=\"2000\" class=\"wpcf7-form-control wpcf7-textarea wpcf7-validates-as-required\" aria-required=\"true\" aria-invalid=\"false\" placeholder=\"\u304a\u554f\u3044\u5408\u308f\u305b\u5185\u5bb9\u3092\u3054\u8a18\u5165\u304f\u3060\u3055\u3044\" name=\"your-message\"><\/textarea><\/span>\n\t\t\t<\/p>\n\t\t<\/td>\n\t<\/tr>\n<\/table>\n<p class=\"CF7_btn\"><input class=\"wpcf7-form-control wpcf7-submit has-spinner\" type=\"submit\" value=\"\u9001\u4fe1\u3059\u308b\" \/>\n<\/p><div class=\"wpcf7-response-output\" aria-hidden=\"true\"><\/div>\n<\/form>\n<\/div>\n<\/div>\n","protected":false},"excerpt":{"rendered":"","protected":false},"author":1,"featured_media":0,"parent":0,"menu_order":0,"comment_status":"closed","ping_status":"closed","template":"","meta":{"footnotes":""},"class_list":["post-1271","page","type-page","status-publish","hentry"],"_links":{"self":[{"href":"https:\/\/takpa-jp.com\/index.php?rest_route=\/wp\/v2\/pages\/1271","targetHints":{"allow":["GET"]}}],"collection":[{"href":"https:\/\/takpa-jp.com\/index.php?rest_route=\/wp\/v2\/pages"}],"about":[{"href":"https:\/\/takpa-jp.com\/index.php?rest_route=\/wp\/v2\/types\/page"}],"author":[{"embeddable":true,"href":"https:\/\/takpa-jp.com\/index.php?rest_route=\/wp\/v2\/users\/1"}],"replies":[{"embeddable":true,"href":"https:\/\/takpa-jp.com\/index.php?rest_route=%2Fwp%2Fv2%2Fcomments&post=1271"}],"version-history":[{"count":4,"href":"https:\/\/takpa-jp.com\/index.php?rest_route=\/wp\/v2\/pages\/1271\/revisions"}],"predecessor-version":[{"id":1295,"href":"https:\/\/takpa-jp.com\/index.php?rest_route=\/wp\/v2\/pages\/1271\/revisions\/1295"}],"wp:attachment":[{"href":"https:\/\/takpa-jp.com\/index.php?rest_route=%2Fwp%2Fv2%2Fmedia&parent=1271"}],"curies":[{"name":"wp","href":"https:\/\/api.w.org\/{rel}","templated":true}]}}